**3/3 - i**2/2 + 7*i. Give d(o).
3
Suppose -5 = -9*h + 4. Let f(i) = -20*i**2 + i. Calculate f(h).
-19
Suppose -2*h + 2*w - 6 = 0, -5*h - w - 11 = -2*w. Let s = h - -3. Let v(m) = -11*m**2 + m. Calculate v(s).
-10
Let z(j) be the third derivative of j**5/15 + j**4/12 - j**3/6 - j**2. Let v(t) = t - 2. Let s be v(4). Let q = s - 1. Give z(q).
5
Let u(c) = c**2 + 3*c. Let w be u(-3). Suppose w = n, 4*t + 2*n - 3 = t. Let r(h) = -7*h**2 - 1 + 2*h + h**2 - h. Calculate r(t).
-6
Let b be (-12)/8*(-28)/6. Let p be 14*(0 + (5 - 4)). Let w be 10/4 - b/p. Let l(s) = -s**3 + 2*s**2 - s + 2. Determine l(w).
0
Let p(f) = -5*f + 4. Let j(s) = -2*s - 20. Let z be j(-12). Give p(z).
-16
Let u(j) = j**2 + 5*j - 2. Suppose 0 = -2*b - 3*b - 4*a + 7, 3*b + 5*a - 12 = 0. Let y be (10/(-2) + 0)*b. Let f = -1 - y. Give u(f).
4
Let k(c) = c**2 + 2*c. Suppose 6*t - 12 = 9*t. Give k(t).
8
Let u = 6 - 1. Suppose -2*w - 18 = -4*f, f + 2*w = u + 7. Let i(j) = j**2 - j. Let x(q) = 7*q**2 - 6*q - 3. Let v(z) = f*i(z) - x(z). Calculate v(3).
-6
Let h be 2/(-5)*(10 + -5). Let m(q) = -51*q**3 - q**2 + 5*q - 9. Let b(c) = 13*c**3 - c + 2. Let p(o) = h*m(o) - 9*b(o). What is p(1)?
-14
Let d(q) = q**3 - 6*q**2 + 2*q - 9. Let k be d(6). Suppose -2*p = k*p. Let y(r) = r + 3. Calculate y(p).
3
Let p(r) be the first derivative of -r**4/2 + r**3/3 - r**2/2 - r + 23. Let w(j) = j**2 + 6*j - 1. Let z be w(-6). Calculate p(z).
3
Let u(r) = -r + 12. Let y = -12 - -12. Calculate u(y).
12
Let m(u) = -3*u**3 + 5*u**2 - 3*u + 1. Let z(v) = 4*v**3 - 5*v**2 + 2*v. Let q(a) = 3*m(a) + 2*z(a). Let n be 2/10 + (-15)/(225/(-42)). Calculate q(n).
6
Let b(w) = -w**2 - 3*w - 2. Let o(k) = -k**2 - 7*k + 5. Let s be ((-12)/(-9))/(2/(-9)). Let c be o(s). Let n = c + -15. Give b(n).
-6
Let h(c) be the third derivative of c**5/120 - 7*c**3/6 + c**2. Let i(p) be the first derivative of h(p). What is i(4)?
4
Let x(m) = -27 - 2*m + m**2 + 27. What is x(4)?
8
Let s(k) = -1 - 1 - 7 + 8 - k. Calculate s(-2).
1
Suppose 3*x - 6 = -k + 5*x, -x + 3 = k. Let q(m) be the third derivative of 0*m + 1/3*m**3 + 0 + 1/12*m**k + 1/60*m**5 + m**2. What is q(-3)?
5
Let x(a) = -a**2 - 1. Let d = 11 - 7. Suppose 0 = r - 3 + d. Let w be x(r). Let p(s) = s**3 + s + 2. Calculate p(w).
-8
Let y(i) be the first derivative of 3*i**4/2 - i**3/3 - 4*i**2 - 4*i - 4. Let g(x) = 5*x**3 - x**2 - 7*x - 5. Let h(c) = -7*g(c) + 6*y(c). What is h(0)?
11
Let x = -123 - -130. Let z(f) = f**2 - 8*f - 3. Give z(x).
-10
Let j = -1 - -3. Let s(m) = -1 - m**2 + 0*m**j + m**3 + 2*m - 2*m**2. Let i(y) = -y**2 + 6*y + 10. Let h be i(7). What is s(h)?
5
Let n(c) be the first derivative of -c**2/2 - 5*c + 3. Determine n(0).
-5
Let p(m) = -m**3 - 3*m**2 + m - 2. Let n = 9 - 9. Suppose -3*o - 9 = -n. What is p(o)?
-5
Let l(y) = 4*y - 2. Let s(q) = 2*q - 12. Let w be s(7). What is l(w)?
6
Let v(s) = 5*s**3 - 15*s**2 - 10*s - 11. Let f(l) be the first derivative of -l**4/2 + 7*l**3/3 + 5*l**2/2 + 5*l + 1. Let r(o) = 7*f(o) + 3*v(o). What is r(-3)?
-4
Let c(y) = -y**3 + 4*y**2 - y - 4. Let m = -11 + 29. Suppose -m = -4*i - 6. Determine c(i).
2
Suppose 0 = -i - i. Let w(l) = -l**3 - l**2 + 11. Give w(i).
11
Let h(m) = 8*m - 2. Let o be h(1). Let v(k) = 4 + o*k + 3 - 5 - k**2. What is v(6)?
2
Let p(o) = -o**3 - 5*o**2 + 16*o + 20. Let n be p(-7). Let s(i) = i**2 - 6*i + 2. What is s(n)?
2
Let r(h) = -h**3 + h**2 + h + 6. Let k(p) = -p**2 - 6*p - 5. Let y = 4 - 9. Let o be k(y). What is r(o)?
6
Let o(x) = 13*x**2 - 2*x + 1. Let h = -158 - -159. What is o(h)?
12
Let o(v) = -v - 4. Let h be (-11)/3 - (-14)/21. Calculate o(h).
-1
Let t(o) = -o**2 + 5*o + 8. Suppose -4*r + 3*c + 72 = r, 8 = -r - 5*c. Suppose -2*h = n - 7, 3*n - 3 = -5*h + r. Calculate t(h).
2
Let s(o) = -12 - 11 + 17 - o. Calculate s(0).
-6
Suppose -4*y + s = 0, -4*y - 2*s = -s + 8. Let v(d) = -3*d + 1. Let f(p) = -2*p - 3. Let j be f(-4). Let g(u) = -6*u + 2. Let b(k) = j*v(k) - 2*g(k). Give b(y).
4
Let i(c) = c**2 - 9*c - 27. Let n be i(11). Let t(r) = -r**3 - 6*r**2 - 7*r - 7. Calculate t(n).
3
Let i(d) = d**3 - 4*d**2 - d - 4. Let z(f) = 3*f**3 - 12*f**2 - 3*f - 12. Let r(g) = 7*i(g) - 2*z(g). What is r(5)?
16
Let r = 1 + -8. Let m(p) = 5*p. Let o(k) = -11*k + 1. Let s(y) = r*m(y) - 3*o(y). Calculate s(-4).
5
Let u(q) = 3*q**3 - q. Let b = -18 - -23. Suppose 0 = 4*k - b*k + 1. Calculate u(k).
2
Let m(h) be the third derivative of h**5/120 + h**4/24 + h**3 - 7*h**2. Let s(i) be the first derivative of m(i). Give s(4).
5
Let a(w) be the first derivative of -3*w**2/2 + 2*w + 19. Calculate a(5).
-13
Let o(c) = -5*c**3 - c**2 + 1. Let s = -15 - -16. Let h be (-9 + 10)*(-1)/s. Give o(h).
5
Let r(u) = u**2 + 4*u - 6. Let n(b) = -b. Let s = 6 + 0. Let p be n(s). What is r(p)?
6
Let t(x) = -6*x + 2. Let o(r) = 7*r - 3. Let v(u) = 3*o(u) + 4*t(u). Let y(i) be the first derivative of -i**2/2 - 2*i + 1. Let p be y(0). What is v(p)?
5
Let h(v) = -3*v**2 + 3. Let o(q) = -4*q**2 + 4. Let n(b) = -5*h(b) + 4*o(b). What is n(2)?
-3
Let p(a) = a + 10. Let s(v) = -v**2 - 2*v. Let n be s(-2). Determine p(n).
10
Let z(m) = -5*m**2 - 4*m - 2. Let n(s) = 4*s**2 + 3*s + 1. Let w(a) = 3*n(a) + 2*z(a). Give w(-2).
5
Suppose -4*a - 28 = -2*q, 0 = -3*q + 2*q + a + 10. Let j(u) = -u - 6. Calculate j(q).
-12
Let m(b) = 5*b**2. Suppose 5*y + 2*v = -v - 5, -4*y - 4 = 2*v. Give m(y).
5
Let m(l) = -l - 21*l**2 - 14*l**2 - 13*l**2 + 50*l**2 + 4. Determine m(3).
19
Suppose 7*s - 4*s = -6. Let l(f) = 4*f + 9. Let i(n) = 2*n + 5. Let j(b) = -11*i(b) + 6*l(b). Give j(s).
-5
Let v(c) be the first derivative of -3 - 3*c - 1/6*c**3 - 3/2*c**2. Let b(u) be the first derivative of v(u). Determine b(-6).
3
Let m(u) = 6 - 8*u**2 + 0*u + 9*u**2 + 7*u. Give m(-4).
-6
Let x(q) = 34 - 6*q - 8 + 7*q. Calculate x(0).
26
Let t(n) = -2*n**2 + 2*n + 1. Suppose -a + 20 - 1 = 0. Suppose -a - 6 = -5*f. Let k be f*(1 - 6/10). Determine t(k).
-3
Let m(z) = z**3 - z**2 + z + 6. Let u be 6/4*10/3. Let y(w) = -w + 5. Let h be y(u). Determine m(h).
6
Let r(u) be the first derivative of u**5/20 - 5*u**4/12 - u**3/6 + u**2/2 - 3*u - 2. Let c(n) be the first derivative of r(n). Determine c(5).
-4
Let k(g) = g**2 - 23*g - 25. Let v be k(24). Let l(h) = 15*h**3 - 2*h**2 - h. Calculate l(v).
-16
Let r(t) be the third derivative of t**5/60 + t**4/24 + 16*t**2. Let m = -6 + 11. Suppose -m*g = -2*g - 3. Give r(g).
2
Let o(c) = c + 6. Let z be (5 + 1)/(-4 - -3). What is o(z)?
0
Let i(w) = w + 2. Suppose 0 = 3*j + 2 - 11. Suppose j*m = -0*m + 6. Let c = m + -5. Determine i(c).
-1
Let m(y) = -3 + 4*y**2 - 2*y + 2 - 3*y**3 + y**3. Suppose -3*r = -5*d - 5*r + 9, -2*r = -5*d + 21. Suppose 3*w = -3*o - 9, -4*o - 8 = d*w - 1. Give m(o).
-5
Let a(w) = w**3 - 6*w**2 - 2*w + 7. Let n be a(6). Let m(p) = -p**2 - 2*p + 2. Give m(n).
-13
Let i(h) be the third derivative of -h**5/20 + h**3/6 + 25*h**2. Calculate i(1).
-2
Let s(f) = -4*f**3 - 17*f**2 - 5*f + 1. Let l(m) = m**3 + 4*m**2 + m. Let u(p) = -9*l(p) - 2*s(p). Determine u(-3).
4
Suppose 3*j + 18 = 6*j. Let x(d) = -d**3 + 8*d**2 - 8*d - 6. What is x(j)?
18
Let o(w) be the second derivative of w**5/120 + 5*w**4/24 - w**3/6 - w. Let f(v) be the second derivative of o(v). Let g be 0/(0 - 0 - 1). Calculate f(g).
5
Let g(w) be the third derivative of 1/6*w**3 + 0*w + 0 + 1/12*w**4 + 3/20*w**5 + 5*w**2. Give g(-1).
8
Let d(w) = -3*w**2 - 2*w + 2. Suppose -25 = 2*u - 81. Let z = 26 - u. Determine d(z).
-6
Let x(k) = -k**3 + 4*k**2 - 3*k. Suppose 3*n + 2 = -w, 2*n + n = 3*w - 6. Let p be (1 - -1*2)*w. Give x(p).
0
Let t(q) = -4*q**3 - 3*q**2 - 11*q - 7. Let r(k) = 5*k**3 + 2*k**2 + 12*k + 7. Let f(i) = 3*r(i) + 4*t(i). What is f(-5)?
8
Let u(d) = -d**2 - 8*d + 5. Let t be (18/10)/((-5)/25). Calculate u(t).
-4
Suppose -2*r + 4*r + 8 = 0. Let x(h) = -7*h**2 + h + 2. Let z(b) = 2*b**2 - 3*b + 2*b + 5*b**2 - 3*b**2 - 1. Let s(d) = -3*x(d) - 5*z(d). What is s(r)?
7
Let g(a) = 2*a - 2*a + a. Suppose k = -2*r - 1, -9 + 4 = -k + 4*r. Determine g(k).
1
Let r(h) = -h - 1. Let q(x) = x + 4. Let v(k) = q(k) + 5*r(k). Give v(-1).
3
Let f = -6 - -6. Suppose 3 + 2 = 5*r. Let n(b) = -r + 3 + f*b + 2*b - b**2. Give n(2).
2
Let d(a) = -a**3 - 14*a**2 + a + 9. Let t be d(-14). Let f(v) = v**2 + 7*v + 7. What is f(t)?
-3
Suppose s + 3*s = 20. Let h